(l) = -l**2 + 5*l + 2. Calculate f(m).
6
Let l(s) be the third derivative of -s**8/20160 + s**7/2520 - s**6/720 - 2*s**5/15 - 4*s**2. Let q(h) be the third derivative of l(h). Give q(3).
-4
Let a(p) be the third derivative of -2*p**2 + 1/12*p**4 + 0 + 1/2*p**3 + 0*p. Let j = -14 - -10. What is a(j)?
-5
Let y(h) be the third derivative of h**5/60 - h**4/12 + h**3/2 + 2*h**2. Suppose -5 = 4*a + a + 3*t, -3*a + 3*t + 21 = 0. What is y(a)?
3
Let x(i) = -6*i**2 - 2*i + 4. Let t(d) be the first derivative of d**3/3 + d**2/2 - d - 1. Let o(c) = -3*t(c) - x(c). Determine o(-1).
3
Let j(w) = 4*w + 1. Let q = -27 + 24. Give j(q).
-11
Let w(v) = -v - 2. Let d be w(-2). Let s be 2*1/(-4)*d. Let q(g) = -g**3 + g - 2. What is q(s)?
-2
Let l(m) be the first derivative of -4*m**3/3 + m**2/2 + 31. What is l(-1)?
-5
Let l(v) be the first derivative of -3*v**4/2 - v**3/3 + 2. Calculate l(1).
-7
Suppose 27 = -o + 5*v, 0*o + 11 = 2*o + 3*v. Let l = 1 - o. Let n(x) = -x + x**3 - 3*x**3 + 8*x**2 + x**3 - 4*x**2. Determine n(l).
6
Let l(z) be the third derivative of -z**4/24 - z**3/2 + 14*z**2 + 2. Let m = 0 - 0. What is l(m)?
-3
Let p(y) = 2*y + 3. Let g = -8 + 11. Let b(v) = v**3 - 5*v**2 + 5*v - 3. Let k be b(g). Calculate p(k).
-9
Suppose -2*p - 25 = 3*j, 4*p = 5 - 25. Let s = -3 + 10. Let f(b) = 0*b + 2*b - s - 3*b. Give f(j).
-2
Let h(v) = -8*v + 2. Let d(a) = -12*a + 3. Let s(p) = 5*d(p) - 8*h(p). Determine s(-1).
-5
Let c(f) = f**2 - f - 3. Let d(z) = -4*z - 19. Let h be d(-8). Suppose 4*j = -1 + h. Determine c(j).
3
Suppose 4*z + 4 = -0. Let o(h) be the third derivative of h**6/60 + h**5/60 + h**4/24 + h**3/6 + 7*h**2. What is o(z)?
-1
Let b(s) be the second derivative of s**5/30 - s**4/24 + s**3/3 + 3*s. Let o(w) be the second derivative of b(w). Give o(1).
3
Let d(j) = j**3 - j**2 - 5*j + 3. Let o = 4 + -1. Suppose 0 = 2*n + o*n. Suppose -3*a + 6 + 3 = n. Determine d(a).
6
Let o(a) be the second derivative of a**5/20 + a**4/3 - 5*a**3/6 + 2*a**2 - a. Let y = -2 - -5. Suppose -2*s + 10 = 4*p, -2*s = -5*s - y*p. Determine o(s).
4
Suppose 0 = -2*k + 13 + 11. Suppose 5*t - 3 = k. Let d(c) = c**3 - 3*c**2 + c + 3. What is d(t)?
6
Let d(j) = j**3 + 6*j**2 + 4*j + 3. Let h(x) = -x**2. Let z(s) = d(s) + 4*h(s). Give z(-2).
-5
Let w(t) = -2*t**2 - 2*t + 1. Suppose 2*a + 4 = -2*d + 10, -a = -d + 7. What is w(a)?
-3
Let t(p) = 4 + p**3 + p**3 - p**3 - 4*p**2 + 0*p + 4*p. Determine t(4).
20
Let j(a) = a + 1. Let k be (-3 + 7/2)*14. Give j(k).
8
Suppose -t - 1 = j, -5*j + j + 6 = -t. Let s(q) = -3*q + 1 + 2*q - 2. What is s(t)?
1
Let q(b) = 5*b**2 + 2*b + 1. Let i be q(-1). Let j(c) = c - 3. Determine j(i).
1
Let q be 17/8 + 27/(-24) + 1. Let j(p) = p**3 - p**2 - 1. What is j(q)?
3
Let b be (0/(2 - 1))/1. Let a(k) = 0*k**2 + b + 3 + 3*k - k**2. Calculate a(5).
-7
Suppose -5*s + 10 = -5. Suppose 3*y = -5*j + 25, 3*j = 4*y - 9 - 5. Let d(t) = s*t**2 - t**3 - 2*t - 4 + 2*t**j + 3*t. What is d(5)?
1
Let l(a) = -a**3 - 6*a**2 + 7*a - 9. Let z(x) = x - 13. Let b be z(-10). Let u = 16 + b. Determine l(u).
-9
Suppose 2*y - 4 = 10. Let x(z) = -z**3 + 7*z**2 - 2*z + 10. Give x(y).
-4
Suppose 2*d = 5*c + 17, -2*d - c + 0 + 11 = 0. Let t = 1 - d. Let m(z) = z + 2. Give m(t).
-3
Let i(u) = -10*u + 3. Let w(m) = -10*m + 2. Let y(t) = -3*i(t) + 4*w(t). Determine y(-1).
9
Let r(f) = -2*f**3 - 9*f**2 + 7*f. Let d(x) = -x**3 - 4*x**2 + 3*x. Let t(a) = -7*d(a) + 3*r(a). Let g = 8 - 9. Give t(g).
0
Let d(o) = o**3 - 10*o**2 + 11*o - 5. Let b be 69/8 + (-63)/(-168). Give d(b).
13
Suppose 4*h - 10 = 2. Let z(a) = h*a + 0 + 0 - 5*a + 7*a**2 - 1. Calculate z(-1).
8
Let p(g) = g - 1. Let y(w) = -w**2 + w - 1. Let d(b) = 5*p(b) - y(b). Determine d(-5).
1
Suppose -12*v = v. Let l(o) = o**3 + o**2 + o - 4. Determine l(v).
-4
Suppose -2*x = -4*c + x + 5, -5*c + 12 = 2*x. Let n(u) = 5 + 5 + c - u - 10. Determine n(-5).
7
Let g(y) = 3*y**3 + 4*y**2 + 2*y - 2. Let j = 14 + -16. Calculate g(j).
-14
Let s(h) = -h - 2. Suppose 4*q + 3*w - 93 = 0, -6*w + w = -2*q + 53. Let v be (3/6)/(3/q). What is s(v)?
-6
Let a(b) be the first derivative of -5*b**2/2 + 3*b - 3. Give a(3).
-12
Let v(b) = -5*b - b + 4*b**2 - 5*b**3 + 6*b**3 + 2. Let j(w) = w**2 - 4*w - 2. Let q be j(6). Let o = 5 - q. Give v(o).
7
Let u = 0 + -2. Let d(g) = -g**2 + 0*g**3 + 3*g - 2*g + 4*g**2 + 2*g**3. Calculate d(u).
-6
Let b = 132 - 128. Let p(a) = -a**3 + 3*a**2 + 6*a - 3. Determine p(b).
5
Let l(q) = -8*q**3 - 14*q**2 + 9*q + 4. Let t(p) = 7*p**3 + 13*p**2 - 9*p - 3. Let o(z) = -6*l(z) - 7*t(z). Determine o(-8).
-11
Let h(t) = -4*t**3 - t - 1. Let g be 25/9 - (-4)/18. Suppose -g = s - 10. Suppose -5*q + 3*p + 10 = 0, 1 = -4*q + 2*p + s. Determine h(q).
4
Let x(b) = 2 + 3*b - 3 + 0. Let o(k) = k**2 - 2*k - 14. Let r be o(5). What is x(r)?
2
Let q(v) be the second derivative of 3*v**4/8 - v**3/6 + 5*v**2/2 + 7*v. Let h(y) be the first derivative of q(y). Calculate h(1).
8
Let j(s) be the second derivative of 3*s**3/2 + 3*s. Give j(-1).
-9
Let u(o) = -o + 14. Let a be u(8). Let w = 1 + 2. Let q(z) = -a*z + 2 + z**2 + w + 1. Give q(4).
-2
Let b(q) = -q**3 + 8*q**2 + q - 3. Let m be b(8). Let a = m - 3. Let s(x) = x**2 - a*x + 6*x + 2*x. What is s(-6)?
0
Let r(u) = -u**3 - 6*u**2 + 7*u + 2. Let h be r(-7). Let k(d) = -4*d - 2*d + 2*d + 2. Calculate k(h).
-6
Let q = 8 + -8. Let c(p) = -p - 7. Give c(q).
-7
Let k(c) = -c**2 - 10*c - 2. Let d be (56/(-35))/4 - (-86)/(-10). Give k(d).
7
Let s(x) be the third derivative of -x**6/120 + x**5/60 - x**4/24 - 3*x**2. Let t(y) = y**2 - 3*y. Let z be t(3). Determine s(z).
0
Suppose 4*y = 6 + 10. Let n be 2/(0 + y/6). Let s(u) be the first derivative of u**3/3 - 3*u**2/2 - 1. Determine s(n).
0
Let w(j) = j. Let h(q) = -3*q - 3. Let u(k) = k - 5. Let m be u(3). Let y(s) = m*w(s) - h(s). Calculate y(-8).
-5
Let l(t) = -t**2 + 4*t + 7. Let c = -4 - 4. Let p = c + 13. Let u be l(p). Let j(n) = -2*n**2 + 3*n - 3. Give j(u).
-5
Let n(f) = 13*f + 3 - 33*f + 19*f. Determine n(3).
0
Let p(j) = -j**2 + 1. Let h(r) = r**3 + 12*r**2 - 9*r + 3. Let c(u) = h(u) + 4*p(u). What is c(-9)?
7
Suppose 12 - 4 = -3*h - 5*z, 0 = -h + 5*z + 24. Let k(i) = -5*i**3 + h*i - 1 + 0*i**3 - 2*i + 0 - 2*i**2. Let o = 3 - 2. Give k(o).
-6
Let k be 3*2/(-12)*-4. Let d(t) = t**2 + 2*t. Determine d(k).
8
Let m(r) = 2*r**2 - 2. Let n(f) be the first derivative of -6*f - 1/3*f**3 + 1 + 5/2*f**2. Let c be n(4). Calculate m(c).
6
Suppose -2*r - r + 10 = -a, 10 = 5*r + 5*a. Suppose -5*w - r*d = -2 - 7, w = d + 5. Let y(u) = w*u**2 + 0*u - 5*u + u**2 + u**3. Determine y(-5).
0
Let m(w) be the third derivative of -w**7/1680 - w**6/360 - w**5/12 + 3*w**2. Let k(d) be the third derivative of m(d). Let u be (-4)/14 + 38/(-14). Give k(u).
7
Let b(i) = 17*i**3 - i**2 - i + 1. Let a = 137 - 136. Give b(a).
16
Suppose 3*u + 96 = -3*j, -3*j - u - 46 = 52. Let h(v) = 16*v**2 - 16*v - 6. Let w(k) = -3*k**2 + 3*k + 1. Let y(o) = j*w(o) - 6*h(o). Determine y(2).
9
Let k(u) = -u**2 + u - 1. Let h(q) = -3*q**2 + 2*q - 6. Let l(s) = -h(s) + 4*k(s). Let f(y) be the first derivative of l(y). Determine f(-2).
6
Let k(t) = 3*t**3 + 13*t**2 - t + 11. Let x(m) = -3 - m**3 - 2 - 6*m**2 + m + 0*m**3. Let a(v) = 2*k(v) + 5*x(v). Suppose -5*c = -13 + 3. Give a(c).
-5
Let y(r) = 4*r**2 - 2*r - 8. Let n(j) = -3*j**2 + 3*j + 7. Let x(l) = -5*n(l) - 4*y(l). Give x(-7).
-3
Let w(a) = -6*a**2 - 1. Suppose -9*f - 14 = 5*f. Give w(f).
-7
Let w(s) = -3*s + 15. Let f(l) = -2*l + 8. Let h(p) = -11*f(p) + 6*w(p). Determine h(-2).
-6
Let f = 0 - -5. Suppose 5*g = 20 - f. Let v(p) = p**2 - 4*p**g + 2*p**3 + p**3 - 1. What is v(-1)?
1
Let m be 1 - (0 + 1 + 0 + -3). Let w(n) be the third derivative of 1/12*n**4 + 0*n - 2/3*n**m + 0 + n**2. Calculate w(5).
6
Let c(m) be the second derivative of m**7/2520 - m**6/144 - m**5/60 + 7*m**4/12 - 7*m. Let i(l) be the third derivative of c(l). Determine i(5).
-2
Let y(t) = -t**2 - 7*t. Let p be (-1)/(-2)*12/(-1). Determine y(p).
6
Let j(z) = z - 2*z + 2*z - 1. Let f = -4 - -6. Suppose -2*q + 0*q = -f. Give j(q).
0
Suppose 3*i = -3*s + 4*i + 10, 2*i = -4*s + 20. Let n(t) = -t + 1. Determine n(s).
-3
Let d = 1 - -4. Let f(j) = d - j - 5. Determine f(5).
-5
Suppose 2*m + 0*m = 4. Let g(y) = -4*y + 1. Let t(n) = -5*n + 2. Let x(c) = 6*g(c) - 